rt 1 (base 10) to base 15.
1
-1000011 (base 2) to base 11
-61
-3132 (base 4) to base 7
-435
3 (base 15) to base 14
3
Convert 11 (base 11) to base 12.
10
Convert -4 (base 6) to base 15.
-4
Convert 203 (base 5) to base 11.
49
3 (base 14) to base 7
3
18c (base 14) to base 9
385
What is -2212 (base 3) in base 10?
-77
What is 6 (base 7) in base 2?
110
What is -2 (base 6) in base 11?
-2
What is -32 (base 11) in base 5?
-120
-105 (base 9) to base 11
-79
15 (base 9) to base 10
14
-452 (base 6) to base 4
-2300
What is -3 (base 6) in base 15?
-3
-3 (base 9) to base 13
-3
What is 352 (base 8) in base 14?
12a
-24 (base 6) to base 13
-13
What is 9 (base 15) in base 14?
9
4 (base 8) to base 12
4
Convert -8 (base 14) to base 11.
-8
What is 1 (base 13) in base 16?
1
4 (base 12) to base 8
4
120 (base 3) to base 14
11
Convert 58 (base 13) to base 9.
81
What is -12 (base 5) in base 11?
-7
2 (base 13) to base 15
2
Convert 35 (base 15) to base 9.
55
Convert -70 (base 13) to base 14.
-67
Convert 72 (base 14) to base 9.
121
Convert -38 (base 10) to base 6.
-102
What is 0 (base 7) in base 6?
0
Convert 100102 (base 3) to base 5.
2004
What is 62 (base 10) in base 14?
46
0 (base 12) to base 10
0
2010 (base 4) to base 16
84
What is -11 (base 9) in base 16?
-a
Convert -3233 (base 4) to base 15.
-10e
What is 10c (base 13) in base 2?
10110101
10210 (base 4) to base 3
101211
Convert 22 (base 10) to base 8.
26
What is -3 (base 14) in base 2?
-11
What is -24 (base 11) in base 5?
-101
What is -70 (base 10) in base 4?
-1012
Convert 2 (base 12) to base 9.
2
Convert -30 (base 6) to base 7.
-24
-11 (base 10) to base 16
-b
-3 (base 9) to base 5
-3
Convert 63 (base 11) to base 16.
45
235 (base 7) to base 3
11121
What is 321 (base 7) in base 15?
ac
-2 (base 13) to base 10
-2
What is 22 (base 8) in base 5?
33
Convert -100110 (base 2) to base 15.
-28
What is 34 (base 5) in base 4?
103
What is -1130 (base 4) in base 3?
-10102
1d (base 16) to base 5
104
Convert -4 (base 8) to base 4.
-10
Convert -3 (base 7) to base 4.
-3
What is 135 (base 8) in base 14?
69
c (base 15) to base 6
20
Convert -78 (base 13) to base 16.
-63
-22 (base 3) to base 14
-8
What is -121 (base 3) in base 15?
-11
Convert 11 (base 13) to base 10.
14
-11 (base 3) to base 14
-4
What is -1122 (base 3) in base 11?
-40
What is -99 (base 14) in base 10?
-135
Convert -3 (base 11) to base 2.
-11
What is -61 (base 9) in base 3?
-2001
-1 (base 12) to base 4
-1
What is -60 (base 7) in base 9?
-46
1110 (base 2) to base 5
24
65 (base 16) to base 11
92
What is -8 (base 12) in base 16?
-8
Convert -102221 (base 3) to base 15.
-167
Convert -1000110 (base 2) to base 4.
-1012
Convert -32 (base 4) to base 12.
-12
Convert 7 (base 13) to base 14.
7
Convert -16 (base 7) to base 13.
-10
-36 (base 8) to base 2
-11110
3a (base 15) to base 9
61
100 (base 2) to base 3
11
What is 4 (base 15) in base 16?
4
332 (base 4) to base 11
57
Convert -c (base 16) to base 6.
-20
What is 20 (base 5) in base 14?
a
What is -1 (base 6) in base 8?
-1
Convert -145 (base 15) to base 5.
-2130
What is 5 (base 14) in base 10?
5
Convert -11 (base 10) to base 9.
-12
1 (base 4) to base 11
1
Convert -155 (base 8) to base 16.
-6d
What is 41 (base 5) in base 6?
33
-4 (base 15) to base 2
-100
What is 7 (base 15) in base 14?
7
What is 27 (base 10) in base 12?
23
4 (base 6) to base 7
4
-1111111 (base 2) to base 16
-7f
Convert 10111 (base 3) to base 11.
86
Convert -34 (base 11) to base 4.
-211
Convert -4 (base 7) to base 9.
-4
Convert -4 (base 12) to base 16.
-4
What is 1 (base 12) in base 11?
1
Convert 7 (base 11) to base 13.
7
Convert 1 (base 9) to base 8.
1
-33 (base 6) to base 9
-23
-324 (base 5) to base 10
-89
Convert -1 (base 16) to base 2.
-1
What is -200 (base 3) in base 14?
-14
Convert 12 (base 10) to base 11.
11
17 (base 12) to base 2
10011
5 (base 7) to base 4
11
5e (base 15) to base 4
1121
5 (base 10) to base 12
5
32 (base 13) to base 3
1112
What is -31 (base 15) in base 4?
-232
What is 1 (base 15) in base 8?
1
4 (base 10) to base 13
4
Convert -48 (base 16) to base 4.
-1020
What is 1 (base 6) in base 9?
1
What is 36 (base 11) in base 5?
124
Convert -48 (base 12) to base 16.
-38
Convert -9e (base 15) to base 3.
-12112
What is 161 (base 11) in base 6?
512
What is -21 (base 11) in base 6?
-35
What is -3 (base 4) in base 2?
-11
-110000 (base 2) to base 6
-120
What is 20 (base 8) in base 5?
31
Convert 10 (base 8) to base 15.
8
-135 (base 10) to base 8
-207
What is 105 (base 13) in base 8?
256
Convert 0 (base 13) to base 11.
0
Convert 34 (base 8) to base 16.
1c
Convert 4 (base 7) to base 13.
4
243 (base 10) to base 8
363
Convert 20 (base 6) to base 7.
15
Convert 16 (base 8) to base 6.
22
What is 15 (base 14) in base 16?
13
138 (base 9) to base 7
224
What is 3 (base 6) in base 11?
3
2 (base 13) to base 16
2
1 (base 16) to base 8
1
Convert 4d (base 14) to base 12.
59
What is 2 (base 5) in base 15?
2
142 (base 5) to base 7
65
What is -3a (base 12) in base 2?
-101110
3d (base 14) to base 12
47
0 (base 3) to base 9
0
-101 (base 3) to base 10
-10
Convert -b (base 15) to base 14.
-b
What is 343 (base 6) in base 13?
a5
Convert 18 (base 10) to base 12.
16
4 (base 5) to base 13
4
1 (base 13) to base 8
1
22 (base 7) to base 16
10
0 (base 14) to base 16
0
What is 3 (base 9) in base 10?
3
Convert 34 (base 11) to base 16.
25
Convert 0 (base 6) to base 15.
0
What is -7 (base 12) in base 5?
-12
6 (base 7) to base 13
6
Convert -27 (base 13) to base 5.
-113
Convert -100 (base 4) to base 16.
-10
6 (base 15) to base 6
10
Convert 0 (base 10) to base 15.
0
Convert -223 (base 7) to base 3.
-11021
143 (base 7) to base 6
212
Convert -30 (base 12) to base 13.
-2a
Convert -211 (base 11) to base 13.
-167
11 (base 8) to base 3
100
19 (base 14) to base 11
21
What is -1022 (base 3) in base 7?
-50
Convert -153 (base 7) to base 14.
-63
What is 1 (base 4) in base 15?
1
What is -34 (base 5) in base 15?
-14
-5 (base 16) to base 5
-10
What is 30 (base 4) in base 9?
13
48 (base 9) to base 10
44
What is 24 (base 10) in base 3?
220
4 (base 15) to base 14
4
Convert -2 (base 6) to base 2.
-10
43 (base 6) to base 11
25
Convert -34 (base 10) to base 11.
-31
-3 (base 14) to base 4
-3
Convert -a (base 12) to base 3.
-101
21 (base 9) to base 6
31
What is 36 (base 14) in base 5?
143
-330 (base 6) to base 16
-7e
What is 13 (base 8) in base 13?
b
1 (base 3) to base 10
1
2 (base 10) to base 13
2
What is -7 (base 13) in base 12?
-7
What is 192 (base 15) in base 16?
16a
Convert -10001110 (base 2) to base 3.
-12021
Convert 31 (base 8) to base 6.
41
Convert -72 (base 10) to base 3.
-2200
Convert -6 (base 11) to base 14.
-6
Convert 2011 (base 5) to base 12.
194
Convert 0 (base 2) to base 5.
0
Convert -56 (base 8) to base 9.
-51
3 (base 4) to base 3
10
What is 45 (base 16) in base 13?
54
32 (base 4) to base 7
20
What is 0 (base 9) in base 4?
0
-3e (base 16) to base 13
-4a
Convert 2 (base 4) to base 5.
2
213 (base 4) to base 11
36
Convert 13 (base 6) to base 11.
9
What is -5 (base 11) in base 5?
-10
Convert 1 (base 10) to base 5.
1
-100011 (base 3) to base 11
-205
1 (base 4) to base 6
1
Convert -45 (base 7) to base 11.
-30
13 (base 10) to base 6
21
a3 (base 15) to base 2
10011001
Convert -10 (base 2) to base 5.
-2
Convert -1110 (base 2) to base 4.
-32
0 (base 3) to base 4
0
What is -9 (base 13) in base 9?
-10
-10 (base 12) to base 3
-110
-11 (base 6) to base 8
-7
What is 30 (base 7) in base 4?
111
What is -3 (base 15) in base 12?
-3
-4 (base 15) to base 2
-100
What is -47 (base 13) in base 14?
-43
What is -10 (base 7) in base 13?
-7
What is -1 (base 8) in base 12?
-1
-110 (base 3) to base 6
-20
What is 20 (base 3) in base 4?
12
-1000 (base 2) to base 15
-8
What is -5b (base 15) in base 14?
-62
Convert -13 (base 13) to base 15.
-11
What is -120 (base 3) in base 2?
-1111
What is 0 (base 2) in base 16?
0
Convert -30 (base 7) to base 8.
-25
What is -33 (base 6) in base 8?
-25
-258 (base 9) to base 11
-186
What is 4 (base 7) in base 2?
100
Convert -2 (base 12) to base 11.
-2
Convert 6 (base 10) to base 4.
12
Convert -4 (base 6) to base 4.
-10
Convert 44 (base 8) to base 2.
100100
-7 (base 8) to base 4
-13
23 (base 8) to base 2
10011
What is -3 (base 13) in base 10?
-3
Convert -156 (base 10) to base 3.
-12210
421 (base 5) to base 9
